ppose -5*x = -0*x - 10. Suppose -20 = -0*b - x*b. Suppose -3 = -7*p + b*p. Give k(p).
6
Let j be (0 - 0)/2*(-12)/(-36). Let n(g) = 3*g**3 - 11*g**2 + 58. Let d(u) = -2*u**3 + 7*u**2 - 39. Let l(t) = -8*d(t) - 5*n(t). Calculate l(j).
22
Let z = 1 + 1. Suppose 0 = z*n + 6 - 18. Let w(a) = -a**2 + 6*a - 8. What is w(n)?
-8
Let y(q) = 3*q - 6. Suppose -2*w = 5*z - 31, 6*w + z - 19 = 4*w. Let v(l) = 3*l - 29. Let t be v(11). Suppose -t*i + 6*i = w. Determine y(i).
6
Let n(z) = z**3 - 5*z**2 + z + 1. Let m be n(7). Let j(l) = 107 + m - 212 - 2*l. What is j(1)?
-1
Let a(h) = -h**2 + 4*h + 6. Suppose -4*q + 10 = -2*u, 5*u = -q + 4*u + 7. Let s be ((-14)/q)/((-2)/4). Suppose s - 25 = -3*i. Determine a(i).
-6
Suppose -4 = -5*h + 7*h. Let o be (-3 - -4)*(h - -7)/1. Let b(z) = -3*z + 2*z - 1 + 2. Give b(o).
-4
Let v(s) = -s**3 - 5*s**2 - 5*s - 1. Suppose -2*k - 9 = -21. Let j = -4 - k. Let d = j - -6. Give v(d).
3
Let a be (-1 - 2)/(21/(-14)). Suppose a*v = v. Let i(k) = -k**3 + 5. Calculate i(v).
5
Let u(d) = -7*d**2 + 7*d + 8. Let l(m) = 8*m**2 - 7*m - 10. Let a(k) = 6*l(k) + 7*u(k). Determine a(6).
2
Let y(l) be the third derivative of -l**6/120 + l**5/12 + l**4/4 - 5*l**3/6 + 191*l**2. What is y(6)?
-5
Let m(s) = 10*s. Suppose 94*p - 96*p + 10 = 0. Suppose -p*q = 21 - 26. What is m(q)?
10
Let m = -7 + 2. Let d(k) be the third derivative of -k**5/30 - k**4/4 - 5*k**3/6 + 1261*k**2. Calculate d(m).
-25
Let u(i) = i**3 + 13*i**2 - 6*i - 83. Let b be u(-13). Let f(m) be the first derivative of -3*m**2/2 - 4*m - 15. What is f(b)?
11
Let u(y) = -y + 2. Suppose 0 = -3*s - v + 31, -3*s + 3*v = 2*s - 47. Let b = 3 - s. Calculate u(b).
9
Let d(s) = 3*s**3 - s + 1. Let p(i) = i**2 - 15*i + 48. Let a be p(10). Determine d(a).
-21
Let d(m) be the third derivative of m**4/12 - 25*m**3/3 - 270*m**2. What is d(23)?
-4
Let b be (4 - 5) + 7/1. Suppose 3*z = 6*y - 3*y - b, -y - 34 = 5*z. Let g(n) = n + 9. Give g(z).
3
Let i(a) = 8*a - 20*a + 1 + 13*a. Calculate i(-4).
-3
Suppose 16 = -5*l + 4*d, l - 8*d - 1 = -3*d. Let g(r) be the first derivative of -1/4*r**4 + 3*r - r**3 + 2*r**2 - 3. Calculate g(l).
3
Let d(p) = -p + 4. Let r(m) = -m**2 - 2*m + 4. Suppose -2*s - 3 = 3*j, -2 - 2 = 2*s + 2*j. Let t be r(s). Let u be (t - 1)*2/(-4). What is d(u)?
4
Let b(o) be the second derivative of -1/6*o**4 - 1/6*o**3 + 0 - 5*o + 0*o**2. Give b(-1).
-1
Let w = 33 + -36. Let x be 19/3 - w/(-9). Let i(p) = p**3 - 6*p**2 + 6. What is i(x)?
6
Suppose -2*k = -5*l, 27*k = 31*k + 4*l. Let a(x) = x**3 + x**2 + 4. Calculate a(k).
4
Suppose 0 = 3*b - 7*b. Let f(x) be the second derivative of x**5/60 + x**4/24 - x**3/6 - x**2 + 13*x. Let u(k) be the first derivative of f(k). Give u(b).
-1
Let i(u) = -u**2 + u - 5. Let q(l) = 5*l**2 - 2*l. Let z be q(2). Suppose a + 1 = 5*b, 2*a - 7*a + 4*b + z = 0. Give i(a).
-17
Let y(f) = -f**3 - 5*f**2 - 2*f + 3. Suppose 3*b + 12 = -3*g, g + 9*b - 13*b + 4 = 0. Give y(g).
-5
Suppose 0 = 31*v + 2*v + 66. Let m(l) = 2*l**2 + 2. Give m(v).
10
Let r(o) = -5*o**2 - 6*o - 1. Let z(d) = -d**2 - d. Let m(x) = x + 3. Let h be (-1 - -1) + 7 + -11. Let w be m(h). Let p(n) = w*r(n) + 6*z(n). Calculate p(-3).
-8
Let m(i) = 10*i**2 - i + 1. Let z be m(0). Let k(f) = 7*f**2 - f + 1. What is k(z)?
7
Let g(j) = -15*j**2 + 15*j - 18. Let a(t) = -7*t**2 + 7*t - 8. Let i(c) = -13*a(c) + 6*g(c). Give i(-2).
2
Suppose -8*n + 4*n = -20, -4*n = 5*s. Let j(k) = -k**3 - 6*k**2 - 2*k - 1. Calculate j(s).
-25
Suppose -5*m = -82 - 48. Let w = m + -25. Let j(a) = w - 4*a + 5*a + 2*a - 4*a. What is j(-1)?
2
Let p(h) = 13*h**2 + h + 11. Let z(m) = 5*m**2 + m + 5. Let q(y) = 2*p(y) - 5*z(y). Suppose -s = 4, 2*w - 5*s - 5 - 23 = 0. Calculate q(w).
1
Suppose 7*t - 11 = j + 2*t, 4*j + t + 23 = 0. Let y(a) = -2*a - 18. What is y(j)?
-6
Let b(j) = 2 + 2*j**3 + 21*j**2 + 4*j**2 - 21*j**2. What is b(-2)?
2
Let p(b) = 2*b - b - 9 - 16. Determine p(15).
-10
Let l(b) = 8*b**3 - b. Suppose 0 = 3*r - 5*t - 125, 4*r - 2*t = -r + 240. Let o = r - 51. Calculate l(o).
-7
Let y(z) be the third derivative of -z**7/2520 - z**5/120 + 3*z**4/8 + 3*z**2. Let c(r) be the second derivative of y(r). Give c(0).
-1
Let m(c) = c**3 - 12*c**2 - 14*c + 12. Let a be m(13). Let t(q) = -q**3 + 2*q**2 - 1. What is t(a)?
2
Let k(w) = w**3 + 4*w**2 + 4*w + 2. Let o = -105 + 102. What is k(o)?
-1
Let a(q) = 3*q + 30*q**3 + 11 + 12*q**2 - 66*q**3 + 37*q**3. What is a(-12)?
-25
Let w(u) be the first derivative of -2*u**3/3 + u**2/2 + u - 103. Determine w(4).
-27
Let b(i) = -i + 2. Let h(n) = -n. Suppose k + 8 = 5*k. Suppose k*o = 5*r - 20, 13 = 5*r - 4*o - 7. Let m(f) = r*h(f) - 2*b(f). Calculate m(-6).
8
Let y(x) be the first derivative of x**3/3 - 9*x**2/2 - 13*x + 2. Suppose 4*s = -8, -2*s = -2*n + 26 - 2. What is y(n)?
-3
Suppose -119 - 16 = -15*q. Let b(c) = c**2 - 9*c - 6. Give b(q).
-6
Let v(s) = 16*s**3 - 2*s**2 - 3*s + 2. Let a(j) = 17*j**3 - 3*j**2 - 4*j + 3. Let o(p) = 3*a(p) - 4*v(p). Let m = -1164 + 1163. Calculate o(m).
13
Suppose 2*z - 5 = 1. Suppose -3*q = 3*h - 12, z*q - 2 = -h - 0. Let p(k) be the third derivative of -k**4/12 - k**3/6 + 8*k**2. Calculate p(h).
-11
Let h(a) be the first derivative of 56 + 4/3*a**3 + 3*a - a**2 - 1/4*a**4. What is h(3)?
6
Let g(u) = u**2 + 25*u - 58. Let p be g(-27). Let w(z) be the second derivative of z**3/6 + 5*z**2/2 - 8*z. Determine w(p).
1
Let n(v) = 2*v**2 - 28*v - 140. Let f be n(18). Let m(j) be the third derivative of j**5/60 - j**4/6 + j**3/3 + j**2. Calculate m(f).
2
Suppose 2 = -y - h, -5*y + y + 5*h = 8. Let p(q) = q**2 - 4*q - 3. Let o(c) = c**2 - c - 1. Suppose -5*w - 4 = 1. Let a(b) = w*p(b) + 3*o(b). What is a(y)?
6
Let x(u) be the second derivative of u**5/20 - u**4/2 + u**3 + u**2 - 2*u. Let f = 49 + -52. Let n be -5*(-3 - f - 1). Determine x(n).
7
Let v be (5 - 4)*(0 + (-12)/(-4)). Let h(t) = -9*t**2 - t**v - 6 + 4*t**2 + t**2 - t - 2*t**2. Calculate h(-6).
0
Let s(w) be the first derivative of -w**4/4 + 4*w**3/3 - 2*w**2 + 2*w + 58. What is s(4)?
-14
Let d(l) be the third derivative of -l**4/24 + 4*l**3/3 - 805*l**2. Calculate d(7).
1
Let v(w) be the first derivative of -8 - 1/4*w**4 - 4/3*w**3 - 3/2*w**2 + 2*w. Let r be (3 + -1)*(-3)/2. What is v(r)?
2
Let p(z) = -2*z + 3. Let l(u) = -3*u + 4. Let d(h) = 3*l(h) - 4*p(h). Let g be ((-148)/12)/(-37)*-1*3. What is d(g)?
1
Let d = -13 - -7. Let y be d - -7 - (-9 - -1). Let q = y + -12. Let b(u) = u**3 + 2*u**2 - 2*u + 2. Determine b(q).
-1
Let z(m) = 2*m**3 + 2*m**2 - 2*m + 1. Suppose -3*a = -9, 3*t - 2*a - 7 + 4 = 0. Let n be (-3)/9 + (-24)/(-18). Suppose 0 = t*l - n - 2. Give z(l).
3
Let i(j) = -j**3 + j**2 + 5*j - 4. Let h(q) = -6*q - 1. Let s be h(1). Let k = -19 - s. Let d = 15 + k. Calculate i(d).
-7
Let o(s) = -7*s**2 + s - 6. Let i(p) = 2 - 15*p**2 + 3 + 21*p**2. Let u(m) = 6*i(m) + 5*o(m). Determine u(-6).
6
Suppose q = w - 2, 5*w + 1 = q + 3. Let s(k) = k**3 - k + 4. Give s(w).
4
Suppose p = -2*r + 24, 3*r + 3*p - 30 = -0*p. Let v be r/14*8/(-2). Let y(o) = -o**3 - 3*o**2 + 4*o - 5. Calculate y(v).
-5
Let s(k) = k - 5. Let u be ((-40)/3)/(132/(-198)). What is s(u)?
15
Let m(i) = 3*i + 1. Let a(c) = -8*c - 3. Let p(k) = 4*a(k) + 11*m(k). Calculate p(-7).
-8
Let t(u) be the first derivative of -u**4/24 - 3*u**3/2 - u**2/2 - 14. Let w(s) be the second derivative of t(s). Suppose 5*q = -3 - 32. Give w(q).
-2
Let q = -816 + 827. Let s(i) = i**2 - 12*i + 2. What is s(q)?
-9
Let f(v) be the first derivative of v - 20 + 2*v**2 - v + 5*v**3 - 6*v**3 - 2*v. Give f(2).
-6
Let o(w) = 10*w**2 - 70*w - 6. Let f be o(7). Let m(b) be the third derivative of b**4/12 + 4*b**3/3 - b**2. Give m(f).
-4
Let f(v) = 2 - 6*v + 5 - 8*v**2 + 10*v**2 - 4*v**2. Determine f(-6).
-29
Let c(p) = p**3 - 5*p**2 + p - 7. Let r be c(5). Let j be (-1 + r)/(6 - 7). Let m(n) = 0 - 6*n + j*n**2 - 1 + n**3 + n**2. Determine m(-5).
4
Let w(z) = z - 11. Suppose -v = 3*u - 20, 2*v - 4 = 2*u + 12. Calculate w(v).
0
Suppose 3*x = -5*v + 19, -3*x + 5*v - 1 = -0. Suppose x*q - 4*p = -36, -2*q - 2*p - 14 = -4. Let g(o) = o**3 + 8*o**2 + o + 7. What is g(q)?
-1
Let g(h) = -10*h + 20. Let f(u) = u - 1. Let x(t) = 5*f(t) + g(t). Calculate x(4).
-5
Let t(r) = -r**3 - r**2 + 21*r - 2. Let k be t(4). Let i(o) = 8 + 3*o**2 + o**3 + k*o**2 - 2*o - 1 -